(9). Suppose -f + 2*o - 2 = -6*f, 20 = 2*f - b*o. Suppose 2*s + 3*a - 2*a = 447, -2*s = -f*a - 444. Is s composite?
False
Let a = 16 - 32. Is (-3736)/a*(-2 - -4) a composite number?
False
Let f be 3/(-2) - 4/8*-19. Suppose f*u = 126 + 602. Is u prime?
False
Suppose -l + 1223 = -294. Is l a prime number?
False
Let h = -150 - -276. Suppose 5*b - 3*g + 2*g + 25 = 0, -4*b - g - 11 = 0. Let m = h + b. Is m composite?
True
Let k(w) = 1 + 113*w**2 - 71*w**2 + 250*w**2. Is k(1) a composite number?
False
Is (-1)/(-1)*(4 - 9 - -214504) a prime number?
True
Suppose -19*y = -37*y + 12330. Is y a composite number?
True
Let i(q) = 86*q - 93. Is i(10) prime?
False
Suppose -762 - 247 = -a. Is a a prime number?
True
Suppose -23*l - 286387 = -42*l. Is l composite?
False
Suppose 5*t + 4 = 24, 3*t = -4*g + 32. Suppose 0 = -g*m + 42 - 17, 0 = -2*r - 3*m + 5021. Is r prime?
True
Suppose 5*l + c - 58965 = 0, -5*c = l - 16916 + 5147. Is l composite?
True
Suppose -r + 6*k = k, -r = -k. Suppose r = -5*w + 758 + 57. Is w composite?
False
Suppose 0 = 4*h + 4*u - 28, 8*u - 3*u - 23 = -2*h. Suppose 2*c + 3 = -t, -3*t + c = h*c + 9. Is t/15 - (-532)/10 prime?
True
Suppose 15*d - 99 = -39. Suppose -d*o = 2*o - 15918. Is o composite?
True
Let y be -2 - 2*(1 - -107). Let u = y + 441. Is u a composite number?
False
Suppose 2*y - 5*u - 416 = 0, 0 = -0*y - 4*y + 2*u + 800. Suppose -1630 + y = -4*i. Is i a composite number?
True
Let v = 1695 + -2. Is v composite?
False
Let y(h) = 10*h**2 - 8*h + 1. Let p be y(-4). Suppose 0 = -3*q + 2*w + p, -w - 8 = q - 79. Is q composite?
False
Suppose -100*k = -37*k - 189693. Is k prime?
True
Let s(q) = 4181*q**2 - 15*q - 15. Is s(-1) prime?
False
Is (273*3 - -1) + (-6)/(-6) prime?
True
Let z = 81 - 55. Let q = -25 + z. Let m = 184 + q. Is m a prime number?
False
Is (-35077)/(-3)*(-117)/(-39) a prime number?
False
Suppose 4*x = 5*p + 5428, 0 = -0*x - x + 2. Let u = p + 2127. Is u composite?
True
Is 4/(7 + 9) + (-118395)/(-4) a prime number?
True
Suppose -2*u + 4*o = 2*u - 40, -o - 58 = -5*u. Let a be ((-2)/(-6))/((-2)/(-150)). Let h = u + a. Is h prime?
True
Let s = -15 - -21. Let n(f) = -f**3 + 5*f**2 + 5*f + 6. Let k be n(s). Suppose 0 = -u + 4*u + 4*q - 8825, -4*u - 2*q + 11760 = k. Is u a prime number?
True
Suppose -4*z + 24*y + 35618 = 22*y, 0 = 3*y + 9. Is z a composite number?
True
Let i = 12443 - -74640. Is i composite?
False
Suppose 8*c = -8*c + 106208. Is c prime?
False
Let k be 1/((-3)/(-114)) - 2. Let y = -34 + 33. Is -8 + k + 4 + y a composite number?
False
Let t(q) = 8*q + 6. Let l(p) = -p + 1. Let f(k) = 5*l(k) - t(k). Let x be f(-3). Suppose 0*j - x = -2*j. Is j composite?
False
Suppose -12 = s - 4*k, 5*k = -2*s - 0*k + 28. Suppose 0 = -s*p + 7 + 9. Suppose -4*x = -5*t + 3*t - 110, p*t = x - 38. Is x a composite number?
True
Let h(z) = -1239*z**3 - 3*z**2 - 12*z - 11. Is h(-2) a composite number?
True
Suppose -i - 22 = 3*f - 0, -16 = 4*i. Let h be 165/45 - (-4)/f. Is 2 - (h - -1) - -217 composite?
True
Let i(n) = 311*n + 4. Let z(b) = -312*b - 5. Let c(h) = 5*i(h) + 4*z(h). Suppose -5*t + 0*v + 13 = -2*v, 4*t + 4 = -2*v. Is c(t) a composite number?
False
Suppose 3*g - 5440 = -t - 20672, -4*g = -2*t - 30434. Is t/(-52) + 1/4 prime?
True
Let y(g) = -g + 12. Let s be y(8). Suppose -5*a - 4*k = -1925, -5*k - 686 = -s*a + 895. Is a a prime number?
True
Let a = 1832 + 1127. Is a prime?
False
Is 15/(-180) - 110906/(-24) a composite number?
False
Let h(v) = -4*v**3 - 2*v**2 - 3. Let s(q) = q**3 - 5*q**2 + 4*q - 11. Let j be s(5). Suppose -2*l + 5*l + j = 0. Is h(l) a composite number?
True
Let p(o) = 9*o**3 - 5*o**2 + 34*o - 281. Is p(15) prime?
False
Suppose 0 = f + 4*z - 985, -3*z - 2759 + 7735 = 5*f. Is f prime?
True
Suppose 2037 = -2*d - d + 5*v, -3429 = 5*d + 3*v. Is (-2)/(-3)*d/(-24) a composite number?
False
Suppose 3*l - 795 = -5*f + l, -l - 318 = -2*f. Suppose -f = -2*d - d. Is d prime?
True
Let q = -10851 + 17590. Is q a composite number?
True
Let m(i) = 52*i**2 + 4*i - 3. Let a = 9 - 8. Is m(a) composite?
False
Let i be 12 + ((-6)/3 - -4). Let l be 4/i - (-46)/(-14). Is (2 - -15*4) + l composite?
False
Suppose -2538 = 4*s + 5690. Is 16/(-24) - s/3 prime?
False
Let u = 30332 - 4954. Suppose 0 = 16*y - u + 6962. Is y a prime number?
True
Let n(g) = 1704*g**2 + 2*g + 1. Let k(u) = 6815*u**2 + 7*u + 5. Let w(m) = -2*k(m) + 9*n(m). Is w(1) prime?
True
Let a be (1164/16)/1*-4. Let v = -477 - a. Let b = v - -335. Is b a prime number?
True
Is (-6)/(-9) - (6298/(-3) - -5) a prime number?
False
Let p(a) = -727*a + 68. Is p(-3) a prime number?
False
Let k(a) = -a**3 + 14*a**2 + 13*a + 9. Let y be 28*4*1/8. Is k(y) a composite number?
False
Is 6424 - ((-340)/(-55) + 18/(-99)) prime?
False
Let a(p) = -1 + 9*p - 4*p - 8*p**2 + 9*p**2. Let m be a(-5). Is (-422)/4*(-3 - m) prime?
True
Suppose 4*r - 64 + 2155 = 5*n, -3*r + 422 = n. Suppose 0 = -5*l + 3*w - 6*w + n, -w + 338 = 4*l. Is l prime?
False
Let o = 49048 - 28745. Is o a prime number?
False
Suppose 3*j = 6, 2*b - 4*b - j = -6198. Is b a composite number?
True
Suppose 2*n = r + 1 + 4, -4*n = -r - 3. Let y = r + 42. Is y composite?
True
Is 14/(-2) - -9*(1 - -521) composite?
False
Let a(v) = -108*v**3 + 2*v**2 - 9*v - 22. Is a(-3) composite?
False
Suppose 2*x = 5*g + 8622, 2*g - 3993 = -5*x + 17620. Is x prime?
False
Let w(b) = b**3 - 7*b**2 + 7*b - 3. Let f be w(6). Suppose -2*l + 539 = 2*v + v, f*l = 5*v - 892. Is v a composite number?
False
Suppose 4*j = -2*y + 14, 5*y - 11 = -2*j - 2*j. Suppose 0*h - j*h = -920. Let k = h - -209. Is k prime?
True
Let w = 3609 - 2110. Is w composite?
False
Let l(j) = 236*j**2 + 2*j - 3. Let o be l(12). Is (-2 - 24/(-20))*o/(-6) a composite number?
True
Let o(v) = v**2 - 5*v - 18. Let a be o(10). Suppose -73 = -3*d + a. Is d a prime number?
False
Let g(i) = -148*i + 2. Let s be 0 + 0 + -13 + 10. Let u be g(s). Let f = u - 181. Is f composite?
True
Let i(k) = -61*k**3 - 2*k**2 - 6*k - 3. Let c be i(-2). Let o = c + -198. Is o composite?
True
Suppose -30*t + 248661 = 24171. Is t prime?
False
Suppose 37016 = 58*b - 11646. Is b composite?
False
Let f be (29/2)/((-14)/(-28)). Let a = f + -25. Suppose -a*q = 2*x - 2622, 0*x - 2650 = -2*x + 3*q. Is x composite?
False
Let w(a) = a + 3. Let h be w(-10). Let d(j) be the second derivative of -j**5/20 - j**4/6 + j**3 - 2*j**2 - j. Is d(h) prime?
True
Suppose 27 = 4*j + 2*l + 1, -3*j - 2*l + 22 = 0. Suppose -j*c = -558 - 4478. Is c composite?
False
Suppose -25*z + 4820 = -21*z. Is z composite?
True
Let z(y) = -2*y**2 + y + 2. Let l be z(-2). Let j = l + 135. Is j a composite number?
False
Let x be 1 + -563 - (-1 - 5 - -3). Let r = 514 - x. Is r a composite number?
True
Is (-6)/(-15) + (-112532)/(-20) a composite number?
True
Let i(k) = -2354*k**3 + 2*k**2 - 5*k - 11. Is i(-2) composite?
False
Suppose -u + 6 = -3*u. Let t be ((-9)/u + -3)/(-2). Suppose t*q + 212 = 2*q. Is q composite?
True
Suppose 0*u - 5*u + 475 = 0. Suppose -358 = -4*d - 5*o, u - 439 = -4*d + 2*o. Is d prime?
False
Let p be (84/49)/(1/154). Let r = 10 - 5. Suppose -315 = -5*y - r*n, 0 = y + 3*y + n - p. Is y prime?
True
Let j(v) = v**2 + 4*v - 7. Let y be j(-6). Suppose 3*t - 46 = 5*o, t - o + y*o - 38 = 0. Is t composite?
True
Let r(i) = 46*i**2 - i - 1 - 32*i**2 + 101*i**2 + 16*i**2. Suppose 3*q + q - 7 = -5*d, 2*d + 17 = 5*q. Is r(d) composite?
False
Let d be 2/9 + 47/(-9). Let i(x) = -x**2 - 5*x + 2. Let n be i(d). Suppose 3*a - 3*q = n*q + 12, -3*a + 12 = q. Is a composite?
True
Let z(c) = -c**2 + 15*c + 3. Let a be z(15). Suppose 1605 = a*q - 2*d + 4*d, -q = -2*d - 527. Is q a composite number?
True
Let b be (-17805)/(-10) + (-4)/8. Let x = b - -615. Is x a prime number?
False
Let c(q) be the first derivative of 33*q**3 + 7*q**2/2 + 9*q + 3. Is c(-2) a prime number?
False
Let x be ((-28)/(-5))/(1/265). Suppose -2*w - 5*w + x = 0. Suppose 2*z = 4*h + 422, -z + 3*h = -0*z - w. Is z a prime number?
False
Suppose -523 = 15*x - 1978. Is x composite?
False
Is ((-131)/2)/((-3)/258) a prime number?
False
Suppose -4 + 120 = -4*i. Let n be 24/(-9) + 3 - (-19)/(-3). Let d = n - i. Is d composite?
False
Let q = -10 - -15. Suppose -559 - 726 = -q*o. Is o a prime number?
True
Suppose 0 = -5*x + 5*n + 67740, 4 - 3 = n. Is x composite?
True
Let r(b) = b